{"id":39,"date":"2018-05-31T07:53:27","date_gmt":"2018-05-31T05:53:27","guid":{"rendered":"http:\/\/www.mouclier.com\/?page_id=39"},"modified":"2025-09-01T11:40:02","modified_gmt":"2025-09-01T09:40:02","slug":"members-benefits","status":"publish","type":"page","link":"https:\/\/www.mouclier.com\/index.php\/members-benefits\/","title":{"rendered":"MEMBERS BENEFITS"},"content":{"rendered":"<h3 data-start=\"168\" data-end=\"222\">Pourquoi devenir membre gratuit de Canal Luxe ?<\/h3>\n<ol data-start=\"224\" data-end=\"1022\">\n<li data-start=\"224\" data-end=\"385\">\n<p data-start=\"227\" data-end=\"385\"><strong data-start=\"227\" data-end=\"268\">Acc\u00e8s \u00e0 un contenu \u00e9ditorial exclusif<\/strong><br data-start=\"268\" data-end=\"271\" \/>Les membres b\u00e9n\u00e9ficient d\u2019articles r\u00e9serv\u00e9s sur la mode, le luxe, les tendances et des analyses approfondies.<\/p>\n<\/li>\n<li data-start=\"387\" data-end=\"530\">\n<p data-start=\"390\" data-end=\"530\"><strong data-start=\"390\" data-end=\"432\">Restez inform\u00e9 des derni\u00e8res tendances<\/strong><br data-start=\"432\" data-end=\"435\" \/>Recevez des informations r\u00e9guli\u00e8res sur les \u00e9volutions de l\u2019univers du luxe et de la mode.<\/p>\n<\/li>\n<li data-start=\"532\" data-end=\"660\">\n<p data-start=\"535\" data-end=\"660\"><strong data-start=\"535\" data-end=\"571\">Acc\u00e8s \u00e0 des \u00e9v\u00e9nements exclusifs<\/strong><br data-start=\"571\" data-end=\"574\" \/>Invitations \u00e0 des \u00e9v\u00e9nements priv\u00e9s, avant-premi\u00e8res et collaborations sp\u00e9ciales.<\/p>\n<\/li>\n<li data-start=\"662\" data-end=\"820\">\n<p data-start=\"665\" data-end=\"820\"><strong data-start=\"665\" data-end=\"707\">Recevez des newsletters personnalis\u00e9es<\/strong><br data-start=\"707\" data-end=\"710\" \/>Recevez des newsletters avec des interviews exclusives, des analyses et des invitations \u00e0 des \u00e9v\u00e9nements.<\/p>\n<\/li>\n<li data-start=\"822\" data-end=\"1022\">\n<p data-start=\"825\" data-end=\"1022\"><strong data-start=\"825\" data-end=\"861\">Email pour chaque nouvel article<\/strong> \ud83d\udce7<br data-start=\"864\" data-end=\"867\" \/>Chaque fois qu\u2019un nouvel article est publi\u00e9, vous recevez un email directement dans votre bo\u00eete de r\u00e9ception pour ne rien manquer du contenu exclusif.<\/p>\n<\/li>\n<\/ol>\n<hr data-start=\"1024\" data-end=\"1027\" \/>\n<h3 data-start=\"1029\" data-end=\"1068\">\ud83d\udcdd Comment devenir membre gratuit ?<\/h3>\n<ol data-start=\"1070\" data-end=\"1290\">\n<li data-start=\"1070\" data-end=\"1122\">\n<p data-start=\"1073\" data-end=\"1122\">Rendez-vous sur le site officiel de Canal Luxe.<\/p>\n<\/li>\n<li data-start=\"1123\" data-end=\"1164\">\n<p data-start=\"1126\" data-end=\"1164\">Allez \u00e0 la section \u201cDevenir membre\u201d.<\/p>\n<\/li>\n<li data-start=\"1165\" data-end=\"1230\">\n<p data-start=\"1168\" data-end=\"1230\">Remplissez le formulaire avec vos informations personnelles.<\/p>\n<\/li>\n<li data-start=\"1231\" data-end=\"1290\">\n<p data-start=\"1234\" data-end=\"1290\">Confirmez votre inscription via l\u2019email de validation.<\/p>\n<\/li>\n<\/ol>\n<hr data-start=\"1292\" data-end=\"1295\" \/>\n<p data-start=\"1297\" data-end=\"1501\">\ud83d\udca1 <strong data-start=\"1300\" data-end=\"1315\">En r\u00e9sum\u00e9 :<\/strong> Devenir membre gratuit vous donne un acc\u00e8s imm\u00e9diat au contenu exclusif, aux tendances, aux \u00e9v\u00e9nements et vous assure de recevoir un email \u00e0 chaque nouvel article, le tout sans frais.<\/p>\n<p>[email-subscribers-form id=\u00a0\u00bb2&Prime;]<\/p>\n","protected":false},"excerpt":{"rendered":"<p>Pourquoi devenir membre gratuit de Canal Luxe ? Acc\u00e8s \u00e0 un contenu \u00e9ditorial exclusifLes membres b\u00e9n\u00e9ficient d\u2019articles r\u00e9serv\u00e9s sur la mode, le luxe, les tendances et des analyses approfondies. Restez [&hellip;]<\/p>\n","protected":false},"author":1,"featured_media":0,"parent":0,"menu_order":0,"comment_status":"closed","ping_status":"closed","template":"","meta":[],"_links":{"self":[{"href":"https:\/\/www.mouclier.com\/index.php\/wp-json\/wp\/v2\/pages\/39"}],"collection":[{"href":"https:\/\/www.mouclier.com\/index.php\/wp-json\/wp\/v2\/pages"}],"about":[{"href":"https:\/\/www.mouclier.com\/index.php\/wp-json\/wp\/v2\/types\/page"}],"author":[{"embeddable":true,"href":"https:\/\/www.mouclier.com\/index.php\/wp-json\/wp\/v2\/users\/1"}],"replies":[{"embeddable":true,"href":"https:\/\/www.mouclier.com\/index.php\/wp-json\/wp\/v2\/comments?post=39"}],"version-history":[{"count":4,"href":"https:\/\/www.mouclier.com\/index.php\/wp-json\/wp\/v2\/pages\/39\/revisions"}],"predecessor-version":[{"id":8567,"href":"https:\/\/www.mouclier.com\/index.php\/wp-json\/wp\/v2\/pages\/39\/revisions\/8567"}],"wp:attachment":[{"href":"https:\/\/www.mouclier.com\/index.php\/wp-json\/wp\/v2\/media?parent=39"}],"curies":[{"name":"wp","href":"https:\/\/api.w.org\/{rel}","templated":true}]}}